e greatest common factor of c and 15.
5
Let o = -18 - -9. Let c be (0 - (-1 + o)) + -2. Calculate the highest common factor of 8 and c.
8
Let w = -21 - -38. Let m(h) = h**3 - 8*h**2 + 6*h + 10. Let r be m(7). Suppose 2*d = -r*d + 85. What is the greatest common divisor of w and d?
17
Let w(s) = 27*s. Let m(f) = 55*f + 1. Let k(l) = 4*m(l) - 9*w(l). Let a be k(-4). What is the highest common factor of 12 and a?
12
Let d be -8*((-15)/(-6) + -3). Suppose -4*y = y - d*x - 78, -y = 4*x - 30. What is the highest common divisor of 126 and y?
18
Suppose -2*c - 9 = 39. Let k = 63 + c. What is the highest common factor of 13 and k?
13
Suppose -9*p + 7*p = -16. Let i(g) = g**3 + 7*g**2 + 4*g - 4. Let m be i(-6). Calculate the highest common factor of p and m.
8
Let u = -1 + 3. Let z be 5 - 1*0/u. Suppose -z*q + 1 = -59. What is the highest common divisor of q and 8?
4
Suppose y + 4*y = 320. What is the highest common divisor of y and 8?
8
Let o be 51/((9/2)/3). Suppose 5*s + 5 = 0, 3*t - s = 2*t + 6. Suppose -2*m - 16 = -6*m, -t*m - o = -p. Calculate the highest common factor of 6 and p.
6
Let p be 4485/26*12/10. What is the highest common divisor of p and 23?
23
Let a = 53 + -32. Calculate the highest common factor of a and 3.
3
Suppose -4*c - 20 = 0, -w + 72 = -3*c + 24. Let v = 9 + w. What is the greatest common divisor of 28 and v?
14
Suppose 2*w - 3*q - 9 = 0, 0*q - 17 = -3*w + q. Let a(s) = -w + 8*s + 4 + 3. Let c be a(2). Calculate the highest common divisor of 119 and c.
17
Let q(u) = u**2 + 1. Let b be q(-5). Let z(p) = -3*p - 23. Let o be z(10). Let x = -14 - o. What is the highest common divisor of b and x?
13
Suppose 0*g - 4*g + 163 = 3*c, -5*c = -2*g + 75. What is the greatest common factor of 20 and g?
20
Let i(d) = -3*d - 1. Let a(r) = -r + 6. Let j be a(7). Let k be i(j). Calculate the greatest common factor of 5 and k.
1
Let a be (-2)/(-4)*2 + -3. Let y be ((-130)/4)/(1/a). What is the greatest common divisor of y and 26?
13
Let p be (-2)/(-11) + (-1145)/(-55). Let b = -10 + p. Calculate the highest common divisor of b and 99.
11
Suppose 2*l = -0*l + 36. Let t be 38/(-12) + 3/l. Let r be ((-10)/t)/(10/75). Calculate the highest common divisor of 5 and r.
5
Suppose 1 = h - 2. Let f(c) = -2*c + 0*c + 5*c + 0*c + 5 + c**2. Let g be f(-7). What is the highest common divisor of h and g?
3
Let u(d) = d**2 - 7*d + 1. Let x be u(8). Calculate the highest common factor of 3 and x.
3
Suppose -3*x + 2*g = -210, 0 = 5*x + 5*g - 0*g - 350. Suppose -5*v = -0*v - x. What is the highest common factor of v and 14?
14
Suppose -3*k + 40 = 2*k. What is the highest common divisor of 16 and k?
8
Suppose -59*k = -53*k - 162. Calculate the greatest common divisor of k and 162.
27
Let k(u) = 3*u**2 - 3*u + 1. Let d be k(2). Let s be (-14)/(-49) + 124/d. Calculate the highest common divisor of 2 and s.
2
Let f = -5 - -11. Let n = 2 - 1. Let y be ((-4)/10)/(n/(-30)). Calculate the highest common divisor of f and y.
6
Let j = 121 - 83. What is the highest common factor of 19 and j?
19
Let g = -70 + 202. What is the highest common divisor of 12 and g?
12
Let k(c) = c**2 - 5*c + 12. Let l be k(12). Let z = 43 + -31. What is the highest common divisor of l and z?
12
Suppose -3*i = 3*u - 18, 9*u = 3*i + 4*u - 50. Suppose 0*t - 5*t - 3*m + 44 = 0, 5*t + m - 48 = 0. Calculate the greatest common factor of i and t.
10
Let y = -2 + -4. Let b(k) = -k**2 - 5*k + 7. Let m be b(y). Let d be 42 + -2*(m + 0). Calculate the greatest common divisor of 16 and d.
8
Let d be 2/8 + (-239)/(-4). Suppose -5*g + d = -0*g. Calculate the highest common factor of 60 and g.
12
Suppose 0 = -u + 3*u + 32. Let x be (-140)/u + 2/8. Let c = x + 1. Calculate the greatest common factor of c and 10.
10
Let p(d) = 18*d + 4. Let a be p(5). Suppose -i = 34 - a. What is the highest common divisor of i and 24?
12
Let g = -22 + 32. Suppose n = -m + 3 - g, -3*n + 2*m = 16. Let q = 8 + n. What is the highest common factor of q and 4?
2
Let a = -558 - -294. Let d be (-2 - -3)/((-4)/a). What is the greatest common divisor of 6 and d?
6
Suppose 48 + 12 = n. Suppose -w - 4*w + n = 0. Calculate the greatest common divisor of 24 and w.
12
Let w = 105 - 9. What is the highest common factor of 24 and w?
24
Suppose -4 = u - 1. Let x = -1 - u. Let k be (14/(-5))/(x/(-10)). Calculate the highest common divisor of k and 112.
14
Let s(u) = u**2 + 7*u + 4. Suppose 0 = -q - 0 - 7. Let w be s(q). What is the highest common factor of w and 44?
4
Suppose -2*m = d - 36, -2*d = 3*d - 4*m - 236. What is the greatest common divisor of d and 55?
11
Suppose 3*j - 6 = 24. Suppose -5*v + 441 = 91. What is the greatest common divisor of v and j?
10
Let n(l) = -35*l + 4. Let a be n(-4). Suppose 0 = 2*b + b - a. Let u = 18 - -14. What is the greatest common factor of u and b?
16
Let g be (1 - 2) + (6 - -3). Let s = 59 - 27. What is the greatest common divisor of s and g?
8
Suppose 0 = 2*y - 10, 5*f = 3*f - y + 41. Calculate the greatest common factor of f and 90.
18
Suppose 4*m - 48 = 32. Calculate the greatest common divisor of m and 180.
20
Let y = 1 - -3. What is the greatest common factor of y and 36?
4
Suppose 5*t - 2*t = -15. Let v be -1 - -4 - (t + -6). What is the greatest common factor of v and 42?
14
Let u = -4 + 6. Suppose -20 = -u*z + 32. Suppose -t - 5 = -z. Calculate the highest common factor of t and 7.
7
Let w = -16 - -19. What is the highest common factor of w and 3?
3
Let y(q) = 7*q - 4. Let s be y(3). Suppose a - 9 = 3*x, -2*a = -7*a + x + s. Suppose -2*n - a*n = -115. Calculate the highest common divisor of 69 and n.
23
Let f = 1079 + -758. Let i be 2/6 + f/9. Suppose x = 2*x - i. What is the greatest common factor of 4 and x?
4
Let k = -199 + 361. Suppose -k - 22 = -2*h. Let g be h - 2 - (1 - 2). What is the highest common factor of g and 13?
13
Let z = -2 + 13. Let t(s) = -s + 18. Let y be t(0). Suppose n - 56 = 3*g + y, 0 = 2*n - 3*g - 151. Calculate the greatest common divisor of n and z.
11
Let c be 28/(-8) - 2/(-4). Let k = 14 - c. What is the highest common factor of 119 and k?
17
Let q be 247/4 + 3/(-4). Let w = q - 110. Let n = -13 - w. Calculate the greatest common divisor of 6 and n.
6
Let q(k) = -13*k**2 + 2*k - 3. Let p(z) = -14*z**2 + 3*z - 3. Let b(d) = 5*p(d) - 6*q(d). Let s be b(3). What is the highest common factor of 21 and s?
21
Let m(o) = 87*o - 3. Let l be m(2). What is the greatest common factor of l and 19?
19
Let s(x) = 3 + 2*x - x + 17*x**2 + 0*x. Let p be s(-3). Let k = -108 - -125. Calculate the highest common divisor of k and p.
17
Let f be ((-10)/2 - -5) + 60. What is the highest common divisor of 40 and f?
20
Let i = 77 + -63. Let p(g) = -g**2 + 42. Let h be p(0). What is the highest common divisor of h and i?
14
Suppose -g = -3*q + 4, 2*g = -q - 3*q + 12. Let d = 30 + -14. Calculate the greatest common divisor of g and d.
2
Suppose -k - k - 20 = 4*h, -h + 4 = -4*k. Let x(r) = -3*r**3 - 2*r**2 - 2*r. Let z be x(h). Suppose 3*d + 33 = z. What is the highest common divisor of d and 5?
5
Suppose -70 = p - 76. What is the greatest common factor of 48 and p?
6
Suppose -3*d = -2*d + 5*k - 44, -2*k = d - 44. Calculate the highest common factor of d and 11.
11
Suppose -b + 12 = 3*b. Suppose k + b = 5. Let j be (2 - 3)/(k/(-130)). Calculate the greatest common divisor of j and 26.
13
Suppose 5*b - 70 = 7*t - 3*t, 4*t - 30 = -5*b. Calculate the greatest common divisor of b and 15.
5
Suppose q + 27 = -36. Let y be 4/18 - 1246/q. What is the greatest common divisor of y and 5?
5
Let d = 3 + 0. Suppose 3*w = d*x - 633, 4*w + 128 - 940 = -4*x. Suppose -23 = -0*l - l. Calculate the greatest common divisor of x and l.
23
Suppose -u + 3*f = 2*u - 51, 3*f - 109 = -5*u. Calculate the highest common divisor of u and 20.
20
Suppose 2*i - s = 2, -2*s + s + 4 = 0. Suppose i*k = 2*k + 7. Calculate the highest common factor of k and 14.
7
Let s(d) = -11*d**3 + 4*d**2 + 4*d + 3. Let t be 5 - 1*(-6)/(-3). Suppose -t = 3*f + 3. Let p be s(f). What is the highest common divisor of 11 and p?
11
Suppose -32 = -3*h + 4*b - 0, 0 = -4*h - 4*b - 4. Suppose 6*m + 5*t - 27 = 2*m, h*m - 21 = -3*t. What is the highest common divisor of 3 and m?
3
Let f be ((-584)/(-6))/(3/9). Let c = f - 94. Let y be (-3)/(-3) + 17*1. 